{"id":6153,"date":"2019-12-02T15:47:34","date_gmt":"2019-12-02T15:47:34","guid":{"rendered":"http:\/\/www.cienciaforense.facmed.unam.mx\/?page_id=6153"},"modified":"2025-05-26T15:15:27","modified_gmt":"2025-05-26T15:15:27","slug":"dra-n-sofia-huerta-pacheco","status":"publish","type":"page","link":"https:\/\/www.enacif.unam.mx\/?page_id=6153","title":{"rendered":"Dra. N. Sof\u00eda Huerta-Pacheco"},"content":{"rendered":"<p>[et_pb_section fb_built=\u00bb1&#8243; _builder_version=\u00bb4.16&#8243; global_colors_info=\u00bb{}\u00bb][et_pb_row column_structure=\u00bb1_2,1_2&#8243; _builder_version=\u00bb4.16&#8243; background_size=\u00bbinitial\u00bb background_position=\u00bbtop_left\u00bb background_repeat=\u00bbrepeat\u00bb global_colors_info=\u00bb{}\u00bb][et_pb_column type=\u00bb1_2&#8243; _builder_version=\u00bb4.16&#8243; custom_padding=\u00bb|||\u00bb global_colors_info=\u00bb{}\u00bb custom_padding__hover=\u00bb|||\u00bb][et_pb_post_title meta=\u00bboff\u00bb featured_image=\u00bboff\u00bb _builder_version=\u00bb4.27.4&#8243; hover_enabled=\u00bb0&#8243; global_colors_info=\u00bb{}\u00bb title_font=\u00bb|700|||||||\u00bb sticky_enabled=\u00bb0&#8243;][\/et_pb_post_title][et_pb_text _builder_version=\u00bb4.16&#8243; global_colors_info=\u00bb{}\u00bb]<\/p>\n<p><strong><img loading=\"lazy\" decoding=\"async\" src=\"http:\/\/www.cienciaforense.facmed.unam.mx\/wp-content\/uploads\/2019\/12\/Sofia.jpg\" width=\"155\" height=\"156\" alt=\"\" class=\"wp-image-6157 aligncenter size-full\" srcset=\"https:\/\/www.enacif.unam.mx\/wp-content\/uploads\/2019\/12\/Sofia.jpg 852w, https:\/\/www.enacif.unam.mx\/wp-content\/uploads\/2019\/12\/Sofia-150x150.jpg 150w, https:\/\/www.enacif.unam.mx\/wp-content\/uploads\/2019\/12\/Sofia-300x300.jpg 300w, https:\/\/www.enacif.unam.mx\/wp-content\/uploads\/2019\/12\/Sofia-768x768.jpg 768w\" sizes=\"(max-width: 155px) 100vw, 155px\" \/><\/strong><\/p>\n<p><strong>Cargo:<\/strong> Investigadora C\u00e1tedra-Conacyt<\/p>\n<p><strong>Tel\u00e9fonos:\u00a0<\/strong>\u00a056232300 Ext. 81945<\/p>\n<p><strong>Correo electr\u00f3nico:\u00a0<\/strong>nshuerta@enacif.unam.mx<\/p>\n<p>[\/et_pb_text][et_pb_gallery fullwidth=\u00bbon\u00bb _builder_version=\u00bb4.16&#8243; auto=\u00bbon\u00bb global_colors_info=\u00bb{}\u00bb][\/et_pb_gallery][\/et_pb_column][et_pb_column type=\u00bb1_2&#8243; _builder_version=\u00bb4.16&#8243; custom_padding=\u00bb|||\u00bb global_colors_info=\u00bb{}\u00bb custom_padding__hover=\u00bb|||\u00bb][et_pb_accordion _builder_version=\u00bb4.19.2&#8243; global_colors_info=\u00bb{}\u00bb][et_pb_accordion_item title=\u00bbSEMBLANZA\u00bb open=\u00bbon\u00bb _builder_version=\u00bb4.16&#8243; global_colors_info=\u00bb{}\u00bb]<\/p>\n<p style=\"text-align: justify;\">Licenciada en Ciencias y T\u00e9cnicas Estad\u00edsticas con Maestr\u00eda en Estad\u00edstica Aplicada y Doctorado en Ciencias de la Computaci\u00f3n por la Universidad Veracruzana y un Master en An\u00e1lisis Avanzado en Datos Multivariantes por Universidad de Salamanca.<\/p>\n<p style=\"text-align: justify;\">La Dra. Huerta ha fungido como Cient\u00edfico de Datos en la industria y Jefa de Estudios Sociodemogr\u00e1fico y Planeaci\u00f3n en Consejo Estatal de Poblaci\u00f3n del Estado de Veracruz, con \u00e1reas de inter\u00e9s en el C\u00f3mputo Estad\u00edstico, Estad\u00edstica Multivariante y C\u00f3mputo Afectivo.<\/p>\n<p style=\"text-align: justify;\">Actualmente, la Dra. Huerta ha sido asignada por el Consejo Nacional de Ciencia y Tecnolog\u00eda como C\u00e1tedra comisionada a Ciencia Forense de la Facultad de Medicina, UNAM, donde colabora en las \u00e1reas de Estad\u00edstica y Computaci\u00f3n en los diversos proyectos multidisciplinarios de Ciencia Forense.<\/p>\n<p>[\/et_pb_accordion_item][et_pb_accordion_item title=\u00bbL\u00cdNEAS DE INVESTIGACI\u00d3N\u00bb _builder_version=\u00bb4.16&#8243; global_colors_info=\u00bb{}\u00bb open=\u00bboff\u00bb]<\/p>\n<p><strong>L\u00ednea 1:\u00a0<\/strong>Estad\u00edstica Computacional<\/p>\n<p><strong>Objetivo:\u00a0<\/strong>Desarrollar e implementar herramientas tecnol\u00f3gicas de distribuci\u00f3n libre que contribuyan en la aplicaci\u00f3n y ense\u00f1anza de la estad\u00edstica para \u00e9l an\u00e1lisis de datos.<strong>\u00a0<\/strong><\/p>\n<p><strong>\u00a0<\/strong><\/p>\n<p><strong>L\u00ednea 2:\u00a0<\/strong>An\u00e1lisis Multivariante<\/p>\n<p><strong>Objetivo:\u00a0<\/strong>Explorar y aplicar la estad\u00edstica multivariante en informaci\u00f3n estructurada, no estructurada y\u00a0 semi-estructurada.<\/p>\n<p><strong>\u00a0<\/strong><\/p>\n<p><strong>L\u00ednea\u00a03:\u00a0<\/strong>Estad\u00edstica en Ciencia Forense<\/p>\n<p><strong>Objetivo:\u00a0<\/strong>Aplicar t\u00e9cnicas y m\u00e9todos estad\u00edsticos a problem\u00e1ticas de la ciencia forense, con el fin de proponer m\u00e9tricas, est\u00e1ndares y perfiles.<\/p>\n<p>&nbsp;<\/p>\n<p><strong>L\u00ednea\u00a04:\u00a0<\/strong>C\u00f3mputo Afectivo<\/p>\n<p><strong>Objetivo:\u00a0<\/strong>Modelar comportamientos afectivos asociados a factores intr\u00ednsecos y extr\u00ednsecos en diversos entornos (educativos, sociales, culturales, entre otros).<\/p>\n<p style=\"text-align: justify;\"><strong>\u00a0<\/strong>.<\/p>\n<p>[\/et_pb_accordion_item][et_pb_accordion_item title=\u00bbPROYECTOS EN CURSO\u00bb _builder_version=\u00bb4.16&#8243; global_colors_info=\u00bb{}\u00bb open=\u00bboff\u00bb]<\/p>\n<p>Proyecto1: Impulso de la investigaci\u00f3n forense<\/p>\n<p>\u00a0Registro CONACYT: 1130<\/p>\n<p>Registro Divisi\u00f3n de investigaci\u00f3n: 33-2014<\/p>\n<p>\u00a0Objetivos:<\/p>\n<ul>\n<li>Determinar las caracter\u00edsticas m\u00e9tricas y morfol\u00f3gicas de las estructuras dentales de individuos mexicanos con la finalidad de establecer, edad, sexo y afinidad biol\u00f3gica que contribuyan en el proceso de identificaci\u00f3n humana.<\/li>\n<li>Establecer registros de identificaci\u00f3n mediante caracter\u00edsticas morfom\u00e9tricas dentales espec\u00edficas de poblaci\u00f3n mexicana al norte y al sur del pa\u00eds.<\/li>\n<li>Determinar la concentraci\u00f3n de C14 en dientes para estimaci\u00f3n de fecha de nacimiento y muerte en poblaci\u00f3n mexicana.<\/li>\n<\/ul>\n<p>\u00a0Participantes:<\/p>\n<p>&nbsp;<\/p>\n<ul>\n<li>Consejo Nacional de Ciencia y Tecnolog\u00eda<\/li>\n<li>Ciencia Forense, Facultad de Medicina, UNAM<\/li>\n<\/ul>\n<p>[\/et_pb_accordion_item][et_pb_accordion_item title=\u00bbPUBLICACIONES RECIENTES\u00bb _builder_version=\u00bb4.16&#8243; global_colors_info=\u00bb{}\u00bb open=\u00bboff\u00bb]<\/p>\n<p>Rosas-Escobedo A., Lara-Mun\u00f5z, E.M., Huerta-Pacheco, N.S.,\u00a0 Validaci\u00f3n de un sistema tutor inteligente web para el aprendizaje de las matem\u00e1ticas, Komputer Sapiens (ISSN: 2007-0691), 2019.<\/p>\n<p>&nbsp;<\/p>\n<p>Huerta-Pacheco, N.S.,\u00a0Rebolledo-Mendez, G.,\u00a0Aguirre, V.,\u00a0Hernandez-Gonzalez, S.,\u00a0Lara-Mun\u00f5z, E.M., \u201cRelevance of the cultural dimensions in affective-cognitive behavior during interaction with an intelligent tutoring system\u201d, Proceedings of the 14th International Conference on Intelligent Tutoring Systems 2018 Workshops, CEUR Workshop Proceedings (ISSN: 1613-0073), 2018.<\/p>\n<p>&nbsp;<\/p>\n<p>Lara-Mun\u00f5z, E.M.,\u00a0Rebolledo-M\u00e9ndez, G.,\u00a0Rojano-Cac\u00e9res, J.R.,\u00a0Huerta-Pacheco, N.S., Cultural factors linked to collaborative learning in Intelligent Tutoring System in the Domain of Mathematics,\u00a0Proceedings of the 14th International Conference on Intelligent Tutoring Systems 2018 Workshops, CEUR Workshop Proceedings (ISSN: 1613-0073), 2018.<\/p>\n<p>&nbsp;<\/p>\n<p>Aguirre, V.M.,\u00a0Huerta-Pacheco, N.S.,\u00a0Lopez, M.T., CONS an R based graphical interface to perform Consonance Analysis, Food Quality and Preference (ISSN: 0950-3293 (print)), 2017.<\/p>\n<p>&nbsp;<\/p>\n<p>Huerta-Pacheco, N.S.,\u00a0Rebolledo-Mendez, G.,\u00a0Hernandez-Gonzalez, S.,\u00a0Castro-Lopez, C.R., Towards cognitive-affective modeling based on students&#8217; traits and preferences,\u00a0ACM International Conference Proceeding Series (ISBN: 978-1-4503-5229-1), 2017.<\/p>\n<p>&nbsp;<\/p>\n<p>Huerta-Pacheco, N.S.,\u00a0Rebolledo-Mendez, G.,\u00a0Hernandez-Gonzalez, S., Cognitive-affective modelling approach in tutoring system,\u00a0Proceedings &#8211; 1st International Workshop on Emotion Awareness in Software Engineering, SEmotion 2016 (ISBN: 978-1-4503-4169-1), 2016.<\/p>\n<p>&nbsp;<\/p>\n<p>Padr\u00f3n-Rivera, G.,\u00a0Rebolledo-Mendez, G.,\u00a0Parra, P.P.,\u00a0Huerta-Pacheco, N.S., Identification of action units related to affective states in a tutoring system for mathematics, Educational Technology and Society (ISSN: 1436-4522 (online) and 1176-3647 (print)), 2016.<\/p>\n<p>&nbsp;<\/p>\n<p>Hern\u00e1ndez-Gonz\u00e1lez S., Rebolledo-M\u00e9ndez G., Huerta-Pacheco N. S., Montan\u00e9-Jim\u00e9nez L. G., Uso de tangibles rob\u00f3ticas en el aprendizaje colaborativo para matem\u00e1ticas,\u00a0Komputer Sapiens (ISSN: 2007-0691), 2015.<\/p>\n<p>[\/et_pb_accordion_item][et_pb_accordion_item title=\u00bbPRODUCTOS DESTACADOS\u00bb _builder_version=\u00bb4.16&#8243; global_colors_info=\u00bb{}\u00bb open=\u00bboff\u00bb]<\/p>\n<p>Desarrollo de seis paquetes (<span><a href=\"https:\/\/cran.r-project.org\/web\/packages\/QVM\/index.html\">QVM<\/a><\/span>, <span><a href=\"https:\/\/cran.r-project.org\/web\/packages\/IMPACT\/index.html\">IMPACT<\/a><\/span>, <span><a href=\"https:\/\/cran.r-project.org\/web\/packages\/DCM\/index.html\">DCM<\/a><\/span>, <span><a href=\"https:\/\/cran.r-project.org\/web\/packages\/CONS\/index.html\">CONS<\/a><\/span>, <span><a href=\"https:\/\/cran.r-project.org\/web\/packages\/BAYESDEF\/index.html\">BAYESDEF<\/a><\/span>, <span><a href=\"https:\/\/cran.r-project.org\/web\/packages\/NPMOD\/index.html\">NPMOD<\/a><\/span>) en el CRAN de R\u00a0<\/p>\n<p>[\/et_pb_accordion_item][et_pb_accordion_item title=\u00bbSITIOS DE INTER\u00c9S \u00bb _builder_version=\u00bb4.19.2&#8243; global_colors_info=\u00bb{}\u00bb open=\u00bboff\u00bb]<\/p>\n<p><a href=\"https:\/\/sites.google.com\/enacif.unam.mx\/bioidh\/inicio\"><span>P\u00e1gina web de An\u00e1lisis de Patrones morfol\u00f3gicos<\/span><\/a><\/p>\n<p>[\/et_pb_accordion_item][\/et_pb_accordion][\/et_pb_column][\/et_pb_row][\/et_pb_section]<\/p>\n","protected":false},"excerpt":{"rendered":"<p>Cargo: Investigadora C\u00e1tedra-Conacyt Tel\u00e9fonos:\u00a0\u00a056232300 Ext. 81945 Correo electr\u00f3nico:\u00a0nshuerta@enacif.unam.mxLicenciada en Ciencias y T\u00e9cnicas Estad\u00edsticas con Maestr\u00eda en Estad\u00edstica Aplicada y Doctorado en Ciencias de la Computaci\u00f3n por la Universidad Veracruzana y un Master en An\u00e1lisis Avanzado en Datos Multivariantes por Universidad de Salamanca. La Dra. Huerta ha fungido como Cient\u00edfico de Datos en la industria y [&hellip;]<\/p>\n","protected":false},"author":2,"featured_media":0,"parent":0,"menu_order":0,"comment_status":"closed","ping_status":"closed","template":"","meta":{"_et_pb_use_builder":"on","_et_pb_old_content":"","_et_gb_content_width":"","_monsterinsights_skip_tracking":false,"_monsterinsights_sitenote_active":false,"_monsterinsights_sitenote_note":"","_monsterinsights_sitenote_category":0,"footnotes":""},"class_list":["post-6153","page","type-page","status-publish","hentry"],"aioseo_notices":[],"_links":{"self":[{"href":"https:\/\/www.enacif.unam.mx\/index.php?rest_route=\/wp\/v2\/pages\/6153","targetHints":{"allow":["GET"]}}],"collection":[{"href":"https:\/\/www.enacif.unam.mx\/index.php?rest_route=\/wp\/v2\/pages"}],"about":[{"href":"https:\/\/www.enacif.unam.mx\/index.php?rest_route=\/wp\/v2\/types\/page"}],"author":[{"embeddable":true,"href":"https:\/\/www.enacif.unam.mx\/index.php?rest_route=\/wp\/v2\/users\/2"}],"replies":[{"embeddable":true,"href":"https:\/\/www.enacif.unam.mx\/index.php?rest_route=%2Fwp%2Fv2%2Fcomments&post=6153"}],"version-history":[{"count":11,"href":"https:\/\/www.enacif.unam.mx\/index.php?rest_route=\/wp\/v2\/pages\/6153\/revisions"}],"predecessor-version":[{"id":10900,"href":"https:\/\/www.enacif.unam.mx\/index.php?rest_route=\/wp\/v2\/pages\/6153\/revisions\/10900"}],"wp:attachment":[{"href":"https:\/\/www.enacif.unam.mx\/index.php?rest_route=%2Fwp%2Fv2%2Fmedia&parent=6153"}],"curies":[{"name":"wp","href":"https:\/\/api.w.org\/{rel}","templated":true}]}}