{"id":7272,"date":"2022-01-31T15:12:52","date_gmt":"2022-01-31T15:12:52","guid":{"rendered":"http:\/\/www.cienciaforense.facmed.unam.mx\/?page_id=7272"},"modified":"2025-05-26T15:16:35","modified_gmt":"2025-05-26T15:16:35","slug":"alejandra-mercado-salomon","status":"publish","type":"page","link":"https:\/\/www.enacif.unam.mx\/?page_id=7272","title":{"rendered":"Med. Esp. Med. Forense. Alejandra Mercado Salom\u00f3n"},"content":{"rendered":"<p>[et_pb_section fb_built=\u00bb1&#8243; _builder_version=\u00bb4.16&#8243; global_colors_info=\u00bb{}\u00bb][et_pb_row column_structure=\u00bb1_2,1_2&#8243; _builder_version=\u00bb4.16&#8243; background_size=\u00bbinitial\u00bb background_position=\u00bbtop_left\u00bb background_repeat=\u00bbrepeat\u00bb global_colors_info=\u00bb{}\u00bb][et_pb_column type=\u00bb1_2&#8243; _builder_version=\u00bb4.16&#8243; custom_padding=\u00bb|||\u00bb global_colors_info=\u00bb{}\u00bb custom_padding__hover=\u00bb|||\u00bb][et_pb_post_title meta=\u00bboff\u00bb featured_image=\u00bboff\u00bb _builder_version=\u00bb4.27.4&#8243; hover_enabled=\u00bb0&#8243; global_colors_info=\u00bb{}\u00bb title_font=\u00bb|700|||||||\u00bb sticky_enabled=\u00bb0&#8243;][\/et_pb_post_title][et_pb_text _builder_version=\u00bb4.19.2&#8243; global_colors_info=\u00bb{}\u00bb]<strong><img loading=\"lazy\" decoding=\"async\" class=\"wp-image-2162 aligncenter size-medium\" src=\"https:\/\/enacif.unam.mx\/wp-content\/uploads\/2025\/04\/Foto-Formal-AMS.jpg\" alt=\"\" width=\"136\" height=\"219\" \/><\/strong><\/p>\n<p>&nbsp;<\/p>\n<p><strong>Cargo:<\/strong> T\u00e9cnica Acad\u00e9mica.<\/p>\n<p><strong style=\"font-size: 14px;\">Correo electr\u00f3nico:<\/strong><span style=\"font-size: 14px;\"> a.mercadosalomon@enacif.unam.mx<\/span>[\/et_pb_text][et_pb_gallery gallery_ids=\u00bb7919,10675&#8243; fullwidth=\u00bbon\u00bb _builder_version=\u00bb4.19.2&#8243; auto=\u00bbon\u00bb global_colors_info=\u00bb{}\u00bb][\/et_pb_gallery][\/et_pb_column][et_pb_column type=\u00bb1_2&#8243; _builder_version=\u00bb4.16&#8243; custom_padding=\u00bb|||\u00bb global_colors_info=\u00bb{}\u00bb custom_padding__hover=\u00bb|||\u00bb][et_pb_accordion _builder_version=\u00bb4.19.2&#8243; global_colors_info=\u00bb{}\u00bb][et_pb_accordion_item title=\u00bbSEMBLANZA\u00bb open=\u00bbon\u00bb _builder_version=\u00bb4.19.2&#8243; global_colors_info=\u00bb{}\u00bb]<\/p>\n<p style=\"text-align: justify;\">M\u00e9dica Cirujana por la Universidad Nacional Aut\u00f3noma de M\u00e9xico, obteniendo su t\u00edtulo en la Facultad de Medicina. Tiene la especialidad en Medicina Forense otorgada por el Instituto Polit\u00e9cnico Nacional donde recibi\u00f3 el premio a Mejor desempe\u00f1o Acad\u00e9mico. Est\u00e1 certificada por el Consejo Mexicano de Medicina Legal y Forense.<\/p>\n<p style=\"text-align: justify;\">\u00a0Actualmente trabaja como T\u00e9cnica Acad\u00e9mica Asociada Tipo C en la Escuela Nacional de Ciencias Forenses de la UNAM, donde desarrolla actividades de docencia y colabora activamente en investigaciones relacionadas con Odontolog\u00eda, Antropolog\u00eda y Derecho, adem\u00e1s de participar como profesora de las materias de Medicina\u00a0 y Sexolog\u00eda forense, Protocolo de Estambul y An\u00e1lisis de la Tortura en M\u00e9xico.<\/p>\n<p style=\"text-align: justify;\">\u00a0Dirige tesis\u00a0 de licenciatura, adem\u00e1s de participar en eventos de divulgaci\u00f3n cient\u00edfica nacionales relacionados con la Medicina Forense. Asimismo, ha participado en foros relacionados con el tema Perspectiva de g\u00e9nero.<strong>\u00a0<\/strong><\/p>\n<p>[\/et_pb_accordion_item][et_pb_accordion_item title=\u00bbDOCENCIA\u00bb _builder_version=\u00bb4.16&#8243; global_colors_info=\u00bb{}\u00bb open=\u00bboff\u00bb]-Medicina Forense.<br \/>\n-Sexolog\u00eda Forense.<br \/>\n-Protocolo de Estambul y an\u00e1lisis de la tortura en M\u00e9xico.<br \/>\n[\/et_pb_accordion_item][et_pb_accordion_item title=\u00bbPUBLICACIONES\u00bb _builder_version=\u00bb4.19.2&#8243; _module_preset=\u00bbdefault\u00bb global_colors_info=\u00bb{}\u00bb open=\u00bboff\u00bb]<\/p>\n<ul>\n<li>Mercado-Salom\u00f3n, A. (2022) Gu\u00eda para la valoraci\u00f3n judicial de la prueba pericial en materia de medicina forense (necropsia). Garc\u00eda, Z., Guzm\u00e1n, M., Zepeda, D., Gonz\u00e1lez, G. y Aguilar, M. (coord.), Gu\u00edas para la valoraci\u00f3n de la prueba pericial en materia de Identificaci\u00f3n humana, Odontolog\u00eda forense, Psicolog\u00eda forense, An\u00e1lisis de video digital, Bal\u00edstica, Medicina forense y Criminal\u00edstica de campo (pp. 221-259). M\u00e9xico: Ubijus Editorial.<\/li>\n<li>Mercado-Salom\u00f3n, A. (2024) El peritaje m\u00e9dico para demostrar un contexto de violencia por razones de g\u00e9nero. Garc\u00eda-L\u00f3pez, E. (coord.), \u00bfC\u00f3mo se prueba la violencia por razones de g\u00e9nero en el proceso judicial? (pp.\u00a0 61-89). M\u00e9xico: Suprema Corte de Justicia de la Naci\u00f3n.<\/li>\n<\/ul>\n<p>[\/et_pb_accordion_item][\/et_pb_accordion][\/et_pb_column][\/et_pb_row][\/et_pb_section]<\/p>\n","protected":false},"excerpt":{"rendered":"<p>&nbsp; Cargo: T\u00e9cnica Acad\u00e9mica. Correo electr\u00f3nico: a.mercadosalomon@enacif.unam.mxM\u00e9dica Cirujana por la Universidad Nacional Aut\u00f3noma de M\u00e9xico, obteniendo su t\u00edtulo en la Facultad de Medicina. Tiene la especialidad en Medicina Forense otorgada por el Instituto Polit\u00e9cnico Nacional donde recibi\u00f3 el premio a Mejor desempe\u00f1o Acad\u00e9mico. Est\u00e1 certificada por el Consejo Mexicano de Medicina Legal y Forense. \u00a0Actualmente [&hellip;]<\/p>\n","protected":false},"author":2,"featured_media":0,"parent":0,"menu_order":0,"comment_status":"closed","ping_status":"closed","template":"","meta":{"_et_pb_use_builder":"on","_et_pb_old_content":"","_et_gb_content_width":"","_monsterinsights_skip_tracking":false,"_monsterinsights_sitenote_active":false,"_monsterinsights_sitenote_note":"","_monsterinsights_sitenote_category":0,"footnotes":""},"class_list":["post-7272","page","type-page","status-publish","hentry"],"aioseo_notices":[],"_links":{"self":[{"href":"https:\/\/www.enacif.unam.mx\/index.php?rest_route=\/wp\/v2\/pages\/7272","targetHints":{"allow":["GET"]}}],"collection":[{"href":"https:\/\/www.enacif.unam.mx\/index.php?rest_route=\/wp\/v2\/pages"}],"about":[{"href":"https:\/\/www.enacif.unam.mx\/index.php?rest_route=\/wp\/v2\/types\/page"}],"author":[{"embeddable":true,"href":"https:\/\/www.enacif.unam.mx\/index.php?rest_route=\/wp\/v2\/users\/2"}],"replies":[{"embeddable":true,"href":"https:\/\/www.enacif.unam.mx\/index.php?rest_route=%2Fwp%2Fv2%2Fcomments&post=7272"}],"version-history":[{"count":10,"href":"https:\/\/www.enacif.unam.mx\/index.php?rest_route=\/wp\/v2\/pages\/7272\/revisions"}],"predecessor-version":[{"id":10902,"href":"https:\/\/www.enacif.unam.mx\/index.php?rest_route=\/wp\/v2\/pages\/7272\/revisions\/10902"}],"wp:attachment":[{"href":"https:\/\/www.enacif.unam.mx\/index.php?rest_route=%2Fwp%2Fv2%2Fmedia&parent=7272"}],"curies":[{"name":"wp","href":"https:\/\/api.w.org\/{rel}","templated":true}]}}